+ 10 + 0)).
93
What is (87 - 50 - 28) + (2 - -1 - 31)?
-19
What is (15 + -22 - -16) + (2 + -13 + 8 - 103)?
-97
Calculate -65 - (105 + 1) - -161.
-10
Calculate -1676 + 1648 - (19 + -1).
-46
What is 39 + -2 - (5 - (2 - (-10 - (-12 - -8))))?
40
(165 - 106) + 18 - 105
-28
What is -67 - (0 - (-3 + -10 + 5) - (-21 - -27))?
-69
What is the value of (-29 - (-29 + 33 - 23)) + -13 + 0?
-23
Evaluate -28 - (12 - (-13 - -37) - -18).
-34
3 + 0 + 13 + (-49 - -22) - -35
24
What is 105 + 107 + -213 - -96?
95
Evaluate 1 + 2 + (0 + -3 - -66) + (-2397 - -2395).
64
What is 38 - (35 + -16) - 30 - (6 + -17 + 4)?
-4
What is 2 - 15 - (-14 + (-1 - -2) + -417 + 513)?
-96
What is -1 + -9 - ((4 - 0) + 36 + (85 - 64))?
-71
Evaluate -15 - (-7 - -1 - (8 - 6)) - (-8 + 10).
-9
Evaluate -35 + (8 - -82) - 11.
44
Evaluate 33 + (133 - 120) + -25 + -1.
20
Evaluate (-2 - -10) + 0 + -16 + (27 - 16) - 12.
-9
-14 - ((1 - -3) + (-8 - 10) - -28)
-28
What is 133 - 97 - (-25 + 37) - (-1 - -165)?
-140
What is -8 + 41 + 23 + (-50 - -24)?
30
What is -7 - (-76 + (123 - 131 - (-1 - 8)) + -5)?
73
-1 - -23 - (63 + (12 - 59) + -77)
83
(-10 - -1) + (1 - -25) + (-8 - -75)
84
45 - ((-42 - -45) + 9)
33
Calculate -7 + (-198 - -73 - -67).
-65
28 + 14 + (2 - 11) + -6 + -5
22
What is -16 - ((-22 - -12 - -22) + -32)?
4
Calculate (-50 - (-1 - (-1 + 0) - 4)) + (6 - 10).
-50
Calculate 7 + (3 - (-10 + 20 + 4)) - 38.
-42
What is the value of 2 + -15 + 168 + -44 + -166?
-55
Calculate (195 - 142) + -17 + 29.
65
(-117 - (30 + 11 + -42)) + 29
-87
(28 - 98) + (-137 - -217)
10
What is the value of 29 + (-79 - (-41 - -29)) - (1 + 2)?
-41
What is the value of (-1887 - -1900) + (-5 + -50 - (-1 + 4))?
-45
-14 + 56 + -35 + -27
-20
Calculate (63 - 23) + (1 - (-7 - (-28 - -7))).
27
34 + (-4 - 89) + 54
-5
-26 + (26 - (-47 - -15))
32
Calculate (-1 - (0 - -17)) + (21 + 19 - 51).
-29
What is -50 - (-1 - ((8 - 56) + 34))?
-63
What is the value of 5 + -3 + -1500 + 1456?
-42
Calculate (5367 - 5401) + (0 - -15).
-19
What is -3 + 3 + (3 - -11) + -41 + 71 + -109?
-65
Evaluate 2 - ((-18 - (-14 - 12)) + (-1 - 6) + -11).
12
What is -10 - (-1 + (-1 - (-21 - 0)) + -210 + 207)?
-26
What is (-20 - -2) + (12 + -19 - (4 - 8))?
-21
What is 15501 + -15436 - (-1 + 53)?
13
What is the value of -73 + 185 + (-79 - -45)?
78
-33 + -51 + -33 + 0 + 33
-84
Evaluate (-65 + 65 - (0 + -2)) + (-115 - -41).
-72
Evaluate -11 - (18 - (29 + (-4 - -2) + -1)).
-3
What is the value of 24 + 82 - 98 - -36?
44
What is the value of (-3 + -1 - (-3 + 4)) + -29 + 4 + 29?
-1
What is the value of 44 + (-41 + 40 - 6)?
37
-73 - -38 - (-18 + -60)
43
What is the value of -20 + 37 + 72 + -46?
43
Evaluate -12 + 12 + 4 - -2 - -41 - 10.
37
439 + -413 + 2 + (-15 + 0 - -4) + 2
19
-171 + 86 + 66 + 1 + 32
14
What is (-9 - 2 - 0) + 12 + -2 + -4 + -61?
-66
What is the value of -9 - ((308 - 306) + (-1 - 11) + 26)?
-25
What is -21 - (-56 + 62 + -3 - (2 + (2 - 7)))?
-27
Evaluate 58 - (-82 + 127 - 64).
77
Evaluate (9 - 23) + -57 - (-167 + 155).
-59
Evaluate -9 + (-13 - (-4 - -10) - -24).
-4
Evaluate -41 + (-3 - 12) + 148 + -137.
-45
What is the value of (-94 + 33 - -83) + 3?
25
What is (3 - 37) + (36 - (50 + -26)) + -99?
-121
Calculate 42 - (9 - (-22 + 12 + -110)).
-87
What is the value of -10 - ((1 - 4) + 181 + -187)?
-1
What is 49 + -147 - -132 - -13?
47
Calculate -36 - (75 - 77 - (-5 + 11)).
-28
Evaluate -2 + -58 + 35 - -28.
3
What is -122 + 5 + 34 + -28 + 11?
-100
What is the value of -16 + 1 - (195 - 206) - -1?
-3
What is the value of 1 + 84 + (-43 + 43 + 11 - -1)?
97
What is the value of -89 - ((-47 - (-6 + (-5 - 5))) + 12)?
-70
What is 27 + 79 + -18 + -159?
-71
What is 27 + (-5 + 1 - 9) - (-78 - -93)?
-1
(103 - (5 - 1 - 2)) + (400 - 417)
84
What is the value of 17 - (-53 - (-16 + -24))?
30
What is 76 - (-39 + (-2 - -59))?
58
Evaluate (4 - 49) + (185 - 114).
26
Evaluate -1 + -66 - (-5 - -70 - 43) - 15.
-104
-95 + 84 - (3 - -9) - -19
-4
Calculate 53 + (-35 - (-28 + 26)) - (5 - (0 + 2)).
17
Evaluate (-15 - (-11 + 6 + 10 - 13 - -119)) + 1.
-125
What is the value of 2 + -4 - (0 - -51) - (160 - (91 + 63))?
-59
What is the value of -60 - (-2 + -2) - (-2908 + 2908)?
-56
Calculate (0 + (-14 - -22) - 6) + -1 + -9.
-8
Evaluate -13 + 30 + (3 - 16) - (-19 - -6).
17
Evaluate 6 + 5 - -3 - (-10 + 63).
-39
What is (3 - (-108 - -4)) + (-49 - -36)?
94
Calculate 1 + 7 + (-18 - ((-21 - -13) + 14)).
-16
40 + (-18 - (-35 + -23 + 35) - (6 + 1))
38
What is (1 - (23 + -50 + 35)) + -86?
-93
(39 - 51 - (-3 + -1 - 0)) + (27 - 23)
-4
Calculate 9 + -7 - (-7 + (2 - -6) + -10).
11
Calculate -73 - (-161 - -55) - -11.
44
What is -138 + 3 - (-5223 + 5064)?
24
Evaluate 71 + -62 + -77 - (-18 - -1).
-51
What is the value of 70 + 64 + -125 - (-3 + 0 + -16 + 35)?
-7
What is -10 + ((7 - (-1 - -7)) + (1 - 50) - -13)?
-45
What is (-30 - 13 - -51) + -17?
-9
What is 42 + (96 - 183) - (-121 + 2)?
74
What is 9 - 8 - (1 - -12) - -5 - -70?
63
Calculate 14 + -42 + 76 + -32.
16
Calculate -22 - (22 - (0 + 51)) - -2.
9
What is (-1 + 5 - (5 - 1 - -8) - 39) + -11?
-58
What is -15 - (37 + -43) - 12?
-21
-29 + 9 + -17 + 28 + -15 + -1
-25
Calculate 9 + 0 - (17 + 23 + -28 + 20).
-23
Evaluate 46 + 8 - (15 + -15 - -18).
36
22 - ((24 - (11 - -17)) + -23)
49
What is 9 - (-17 - -1 - -123) - (-5 - -3 - 6)?
-90
Evaluate 149 - -2 - (149 - (-48 - -188)).
142
-194 + 340 + -159 - (1 + 0 + -5)
-9
Calculate 19 + (1 - 21 - 71) - -8.
-64
Evaluate 29 + 1 + (-4461 - -4427).
-4
Calculate (0 - -11) + (15 - 8) + 6.
24
(-27 - -34) + (10 - (-3 - (-8 - -4)))
16
What is the value of (-77 - 55) + 9 + 59?
-64
Calculate -9 + (2 - 6 - (-4 + 5)) + 79 + -33.
32
Calculate 32 + -21 + -14 - -60.
57
Calculate 5 - (-2 - (11 - 3) - (-1 + -4)).
10
Evaluate (-150 - (71 - 70)) + 37 + -2.
-116
(298 - 297) + (-9 - (-106 + 10))
88
Evaluate 0 + (-15 - -14) + -4 - 19 - 6.
-30
Evaluate -22 + (4 - 16) + 1.
-33
What is the value of (-20 + (29 - 34) - -30) + 70 + 1?
76
What is the value of -13 + -67 - (114 + -150)?
-44
Calculate -73 - 8 - -64 - (6 + (-2 - 2)).
-19
What is (3 - -7 - 13) + 9 + (0 - 38)?
-32
117 - (18 + (15 - -8 - 35))
111
-41 + -4 - (713 + -690)
-68
Calculate -6 + -20 + (4 - -31) - 17 - -89.
81
Calculate -12688 - -12685 - (-6 + (2 - -2 - 2)).
1
Evaluate 81 - 76 - 1 - (-8 - (3 + -1)).
14
What is the value of 21 + (1 - (6 + -6)) - (-99 + 0)?
121
What is (-1 - 3 - (5 + (7 - 6))) + -127 + 206?
69
Evaluate -3 + 3 - (47 + -47 + 0).
0
What is the value of (-2 - 55) + (-41 - (15 + -54))?
-59
What is 62 + -123 - 50 - 4?
-115
What is (8 - 1) + (-156 - -125) + 48?
24
What is the value of 9 + -3 - ((1 - 15) + (1 - -9) + 5)?
5
Calculate -10591 + 10598 - (-24 + (0 - 0)).
31
What is the value of 39 + 14 + (97 + -103 - (20 - 1))?
28
What is 33 - (113 + -16) - (10 + 5)?
-79
What is the value of 32 + (-9 - 12) + (0 + -40 - -3)?
-26
-183 + 11 + (3 - -83)
-86
What is 45 - (22 + (-62 - -84))?
1
Evaluate -3 + 11 + 2 + 5 + (-15 - 24).
-24
-2946 + 3022 - (43 - (-2 + 4))
35
What is (0 + 2 - 8) + -16 + 21 + (-4 - 50)?
-55
What is -142 - (47 + -43 + 2) - -21?
-127
Evaluate (-1 - (-6 + 0) - -5) + -5 + 7 + -4.
8
65 + 29 + -45 - 99
-50
Calculate -30 - (-49 - (9 - 148)).
-120
(3 - -17) + -10 + -16 + 26 + 32
52
Evaluate 100 + (-141 - -113) - (1 - -21).
50
Evaluate 2055 - 2053 - (-8 + -1).
11
-29 + 46 + -85 - -44
-24
Evaluate (-8 + 1 + 6 - (21 - (25 - 8))) + 26.
21
Calculate -30 + (13 - -25) - (-3 - 20).
31
-2 - (3 + 42 - 56) - (40 - -1)
-32
What is the value of 27 - (24 - -17 - 21) - ((0 - 0) + -21)?
28
-97 - -112 - ((3 - (4 - 3)) + -6)
19
Evaluate -10 - 113 - (103 + -155).
-71
90 - (18 + (-23 + 0 - (7 - 10)))
92
What is the value of -213 + 11 - -220 - (24 - (2 + 0))?
-4
What is 3 + -31 + -3 + -226 + 120 + 113?
-24
What is the value of 9 + 88 + (31 - 37) + -24 + 3?
70
What is the value of 11 + (-1 - 8 - (-13 + 23)) - 5?
-13
What is the value of 283 + -274 - (-7 - (-19 + 2))?
-1
What is -5 + -17 - (9 + (59 - 40))?
-50
Evaluate 0 - 45 - (-3 + 3 - 4).
-41
What is the value of (-3 - 7 - (-16 + 16)) + -2 + (5 - 8)?
-15
(-8 - (-1 + 1)) + -874 + 878 - -13
9
Calculate -22 - (0 + -24 + 22) - -63.
43
What is the value of 10 + 0 + 21 + 36 + -68?
-1
Calculate (25 - 37) + (-2 + 10 - -3 - 29).
-30
19 + -11 + -18 + 2 + 1 + 2 - 40
-45
What is -2 + -8 - ((20 - 6) + (-67 - -49))?
-6
What is the value of 21 + -2 + (98 -